1 (base 2) to base 3
-200021210221
What is -2011053 (base 6) in base 3?
-11211010020
-12422212100 (base 5) to base 16
-eb6da1
What is -546bee (base 15) in base 11?
-22a8039
Convert -30703 (base 8) to base 4.
-3013003
-cd1a3 (base 15) to base 11
-405743
Convert -3228e (base 16) to base 14.
-54c34
What is 1100200000 (base 3) in base 6?
323430
Convert 1600366 (base 8) to base 9.
768557
What is -100300311 (base 4) in base 11?
-4764a
-20350421 (base 7) to base 2
-110100001011010011011
-304057 (base 9) to base 6
-3505511
What is -3ca64 (base 16) in base 12?
-bb918
What is 1353340 (base 8) in base 9?
642848
Convert 1203ca8 (base 13) to base 8.
25216650
What is 9201 (base 15) in base 7?
155605
What is -44700175 (base 8) in base 7?
-145110520
-501451 (base 7) to base 6
-1451414
Convert -10211411 (base 5) to base 8.
-246357
3006874 (base 12) to base 2
100010001101110101011000
-110000100101111 (base 2) to base 6
-311103
Convert 91403 (base 15) to base 4.
1300101333
-20031220330 (base 4) to base 2
-1000001101101000111100
Convert -8986822 (base 10) to base 16.
-8920c6
What is -1113333210 (base 4) in base 10?
-360420
What is 123400501 (base 6) in base 16?
24c8f5
-113224 (base 6) to base 15
-2d8d
Convert 15a348 (base 15) to base 12.
425a95
332340 (base 6) to base 7
143664
9875 (base 14) to base 11
188a0
What is 159948 (base 13) in base 8?
2025634
What is 120331033 (base 5) in base 12?
22b0a4
Convert -972d (base 14) to base 16.
-65fd
What is -ba8b21 (base 12) in base 5?
-1224204240
Convert -8102807 (base 9) to base 4.
-100130321302
What is -477219 (base 11) in base 9?
-1372360
-13200402 (base 6) to base 8
-1522622
Convert 8b82b (base 12) to base 10.
186083
Convert 35dcc (base 14) to base 8.
401160
Convert -3c7ea (base 16) to base 15.
-4d641
What is 232313132 (base 4) in base 13?
694b8
What is 14540345 (base 8) in base 6?
155142553
What is 10401314 (base 6) in base 2?
1001100000001001110
What is -223120112 (base 4) in base 6?
-3450342
Convert 29ce5 (base 15) to base 7.
1100150
2a7a5 (base 14) to base 13
391c8
What is -8377512 (base 11) in base 10?
-14768063
5edd (base 15) to base 12
b861
Convert 42310 (base 11) to base 12.
2b794
Convert 3aa475 (base 12) to base 2.
11101101010000011001
Convert -dbb78 (base 15) to base 12.
-297a12
Convert 3a44cb (base 16) to base 9.
7160238
401594 (base 13) to base 5
340111320
426616 (base 7) to base 11
50992
Convert -3362218 (base 9) to base 13.
-4b5c90
What is 32214425 (base 6) in base 8?
3501321
Convert 73a00 (base 11) to base 16.
1a4aa
Convert -184757 (base 11) to base 12.
-118710
Convert -31901 (base 15) to base 14.
-41460
What is -3974aa (base 12) in base 8?
-3467402
What is 1b37db (base 15) in base 10?
1328156
What is f3fb (base 16) in base 4?
33033323
What is 617004 (base 15) in base 5?
2141134004
Convert 102045042 (base 6) to base 7.
21060140
-243700b (base 12) to base 5
-3300312421
2003323 (base 6) to base 13
33a92
Convert 4462817 (base 10) to base 14.
842569
Convert 1140041222 (base 5) to base 14.
4d3001
Convert -435253 (base 6) to base 11.
-251a9
Convert -10212021012221 (base 3) to base 14.
-3b5cc7
Convert 867335 (base 9) to base 4.
1332100100
What is 11221130103 (base 4) in base 7?
15404142
What is 5c89 (base 15) in base 8?
46370
What is 4353001 (base 9) in base 5?
1044303104
Convert 5607260 (base 9) to base 5.
1233014233
Convert -1100413 (base 6) to base 7.
-315066
What is -2823536 (base 10) in base 3?
-12022110011102
e0ca8 (base 16) to base 2
11100000110010101000
What is -30001147 (base 9) in base 11?
-8111207
What is -2cb5 (base 15) in base 9?
-14168
Convert -257b804 (base 12) to base 13.
-16b5a25
Convert d159f (base 16) to base 3.
1121120021101
-678138 (base 10) to base 11
-42354a
-1011001110001100010111 (base 2) to base 3
-12112110021120
41332044 (base 5) to base 3
122020220121
-137e08 (base 16) to base 14
-253784
-2727514 (base 8) to base 7
-6336400
Convert -243152321 (base 6) to base 13.
-c63187
Convert -1524056 (base 8) to base 5.
-102430040
10042334033 (base 5) to base 4
212212332313
Convert -61478 (base 9) to base 14.
-10a82
Convert 363216 (base 7) to base 16.
101af
What is a017 (base 16) in base 4?
22000113
What is 35763636 (base 8) in base 12?
276b5ba
Convert -30789 (base 13) to base 6.
-1510403
What is 101131112031 (base 4) in base 12?
1648639
What is -303758 (base 14) in base 15?
-220e04
Convert -5455445 (base 6) to base 8.
-1023365
What is 60678 (base 13) in base 8?
520677
571515 (base 8) to base 5
22141412
What is aa105 (base 11) in base 7?
1234011
65b52 (base 16) to base 2
1100101101101010010
Convert 2449060 (base 11) to base 13.
b610b6
-10001100010111011110 (base 2) to base 13
-171904
Convert 5424232 (base 6) to base 16.
4169c
What is -17244 (base 12) in base 15?
-9c67
Convert 5ee4e (base 15) to base 8.
1120757
Convert 281c326 (base 13) to base 8.
60274402
1001011111011100000 (base 2) to base 3
120210121211
Convert -21001002120 (base 3) to base 10.
-138579
Convert 67a2480 (base 11) to base 7.
203126304
-342450 (base 11) to base 8
-2050226
Convert -10511433 (base 6) to base 3.
-121021122010
1342133431 (base 5) to base 6
202244241
Convert -1034bc (base 14) to base 13.
-161c95
What is -2211222200 (base 3) in base 6?
-1111500
What is 10010110001101001001 (base 2) in base 7?
5141464
What is 1839d6c (base 14) in base 10?
11974716
13567b8 (base 12) to base 5
1441111201
What is 2110020200 (base 3) in base 7?
260541
Convert 6bf3ec (base 16) to base 4.
122333033230
166a2 (base 15) to base 11
4a418
What is -1c9a6 (base 16) in base 9?
-187635
What is 2ab281 (base 13) in base 12?
42931a
Convert -532782 (base 10) to base 11.
-334318
What is 2a02b4 (base 12) in base 11?
442017
Convert 2120012110111 (base 3) to base 10.
1362109
-400122232 (base 5) to base 2
-101111110100111011000
Convert -2030128 (base 11) to base 16.
-36bc7c
What is -43003151 (base 6) in base 14?
-24b4a7
-88245 (base 13) to base 6
-5141003
What is cb858 (base 14) in base 9?
831020
15323302 (base 6) to base 3
1000102121002
What is 20531 (base 7) in base 12?
2b25
What is -16465206 (base 7) in base 10?
-1612890
What is 111100110000101011001 (base 2) in base 8?
7460531
84632 (base 13) to base 5
30111311
What is 4252422 (base 10) in base 6?
231051050
What is 44b41 (base 12) in base 5?
10411424
Convert -1340232401 (base 5) to base 3.
-20111001222202
abd7e (base 15) to base 4
2011121303
Convert -32032303 (base 5) to base 2.
-1000001011000110100
What is -aea7c (base 16) in base 5?
-140343023
Convert -14753412 (base 8) to base 5.
-1332204021
What is 336ebc (base 15) in base 16?
257049
-826384 (base 9) to base 2
-1110111101011011111
111200220002 (base 3) to base 8
1016523
Convert -10001111010110010111 (base 2) to base 8.
-2172627
What is -15373372 (base 8) in base 16?
-35f6fa
-10522a (base 13) to base 8
-1353274
102132101210 (base 4) to base 10
4842596
Convert 64335420 (base 7) to base 6.
313134323
-44502333 (base 6) to base 2
-101001000100100010001
-1d320 (base 14) to base 6
-1333504
What is -323473 (base 8) in base 10?
-108347
Convert -72c60 (base 14) to base 2.
-1000011100101100100
-21743113 (base 8) to base 6
-244452535
-243168 (base 10) to base 2
-111011010111100000
What is -259ba1 (base 12) in base 6?
-21131521
Convert 186377 (base 13) to base 10.
613568
6915157 (base 11) to base 12
40765a8
-63536265 (base 7) to base 10
-5387646
What is 37164556 (base 8) in base 6?
451243102
-330110 (base 5) to base 10
-11280
-6a08a9 (base 14) to base 15
-4b56eb
What is -326c (base 16) in base 12?
-7578
Convert 1449061 (base 11) to base 2.
1001011111000001100111
2377472 (base 12) to base 7
112306511
Convert -27da0e (base 15) to base 2.
-111010100100100100000
1734b12 (base 12) to base 11
2788227
2792 (base 10) to base 4
223220
504ee3 (base 16) to base 3
100220101120201
177854 (base 9) to base 16
1b0b8
What is -20200211021002 (base 3) in base 2?
-1101100100111100000001
Convert 371a (base 15) to base 7.
46120
Convert -6014614 (base 7) to base 9.
-1301807
Convert 146433 (base 7) to base 11.
1a611
What is -1232020213 (base 4) in base 16?
-6e227
6327a7 (base 12) to base 2
101111100110011101111
What is -31697 (base 14) in base 15?
-25536
1714d (base 14) to base 13
20470
What is 144152 (base 6) in base 4?
3121010
131764 (base 8) to base 14
12b08
What is 566252 (base 9) 